-6*o - 25 = -11*o, -3*v + k = -5*o. Is v prime?
True
Let d = -1164 + 1164. Let n be (3 + -3)*3/6. Suppose -5*b + 4*t + 15093 = d, -4*b + t + 12070 = -n*t. Is b composite?
True
Let n be -1*(-14)/63 + (-168563)/9. Let r = n + 26238. Is r prime?
False
Is (4956276/(-18))/((-36)/96) - (-2)/(-18) a composite number?
False
Suppose 4*r - 2*u - 16868 = 0, -r + 165 = -3*u - 4052. Let z = -2436 + r. Is z prime?
False
Let v = 94 + -86. Suppose -v*s = m - 6*s - 881, 3*m - 2670 = 3*s. Is m a composite number?
False
Suppose 4*r - 14 = 2*m, 2*r - 7 = -2*m - 27. Let k(u) = -5*u**3 + 14*u**2 + 19*u + 21. Is k(m) a prime number?
False
Let r(s) = -s**2 - 19*s + 19*s - 7. Let y be r(3). Is (1222/(-2))/(y + 15) prime?
False
Let r(l) = l**2 + 59*l + 48071. Is r(0) a composite number?
True
Let h be 257/5 + (-1)/5*2. Suppose -h*b - 4074 = -57*b. Is b a prime number?
False
Let f(t) = -224*t - 2. Let g be f(7). Let w = -781 - g. Let z = w - -308. Is z a composite number?
False
Let r = 47794 - 2741. Is r composite?
False
Let s be (6 - 2) + (-1 - 0) + -78. Let w = 121 + s. Is 0 - ((-1 - 2)*w + -1) composite?
False
Let w be (187/22)/((-2)/(-4)). Let n be 2 + (-4 - -5) + w. Is 38612/n + (-6)/(-15) composite?
False
Suppose 0*h + 3156 = -2*h. Let m = 3539 + h. Is m prime?
False
Let c = -2069 - -5498. Suppose -4*t = -3*f + 3411, 17*t = -3*f + 15*t + c. Is f a composite number?
True
Let l = 325232 + -201121. Is l prime?
False
Suppose -2*y + 165392 = 3*j, -30*j + 248105 = 3*y - 34*j. Is y composite?
False
Is (-1268)/4121 - 10963575/(-39) a prime number?
True
Suppose -5*m + 5*x - 11625 = 0, 5*m + 2*x + 11641 = 3*x. Let p = -3280 - m. Let f = p - -1478. Is f composite?
True
Let q be (-10)/(1/(-2)*4). Let u(p) = 2*p**2 - 19*p - 6. Let c be u(-12). Suppose -q*x + c = x. Is x a composite number?
True
Let m be (-241)/((0 - 1)*(-2 + 3)). Let s = -1377 + m. Let c = -457 - s. Is c prime?
False
Let j be -6*((-10)/(-15))/2. Let v be (0 - 0/5)/j. Is ((-42)/63)/(v - 2/4971) prime?
True
Let d be ((-18328)/(2 + -6))/(-2). Let c = -196 - d. Is c composite?
True
Suppose 5*n + 2 = 137. Suppose 0 = -6*p + 9*p - n. Is (3/p)/(3/477) prime?
True
Let d = 43 - 42. Suppose 0 = -c + 5, -c + d = p - 1. Is 9595/20 - p/(-4) composite?
False
Suppose 8*o - 27 = 13. Let k be 18093/o + 30/75. Suppose 5*t + 6*t = k. Is t a prime number?
False
Let s be 1 - -1*2*(101 + 8). Suppose -a = -l - s, 0 = -3*a + 2*a - 2*l + 228. Suppose 43*g - 41*g = a. Is g a composite number?
True
Let b be (5833/(-57))/(2*1/12). Is b*(8 - (-153)/(-18)) prime?
True
Suppose 5*r = g + 2*r - 6, 5*g = -3*r + 30. Suppose -v = -g*v. Suppose -5*w - 20 = v, -4*o - 3*w - 844 + 5492 = 0. Is o a prime number?
False
Let g = -916 - -2145. Suppose -5*j - 4296 = -1306. Let l = g + j. Is l composite?
False
Is (((-341330)/87)/(-55))/((-2)/(-10167)) prime?
False
Let q = 157 - 104. Suppose -64*c + q*c + 36883 = 0. Is c prime?
False
Let t(k) = 30*k**3 + 5*k**2 - 4*k + 15. Let q(f) = -61*f**3 - 10*f**2 + 8*f - 29. Let v(y) = -6*q(y) - 11*t(y). Is v(6) a composite number?
True
Let f = -44444 - -76247. Is f prime?
False
Is (-358 + 361)/(-2 + (-161523)/(-80761)) a composite number?
True
Let u(l) = 68851*l**2 + 18*l - 6. Is u(1) composite?
False
Let t be -2 + 0 - (-5386*1 + 1). Suppose -5*i = b - 24150, i + b - t = -549. Suppose 5185 = 6*c - i. Is c a composite number?
False
Suppose -20209353 = 338*r - 56575402 - 39838417. Is r composite?
False
Let q(g) be the third derivative of -229*g**6/60 - g**5/30 + 5*g**4/24 + g**3 - 51*g**2. Is q(-1) composite?
False
Suppose 22*v - 234 = 20*v. Let j = v - 112. Let m(d) = 20*d**3 - 10*d + 3. Is m(j) a prime number?
False
Suppose 3*d + 302581 + 312769 = 5*t, 0 = 3*d - 15. Is t a composite number?
True
Let b(v) = 1497*v + 160. Is b(18) a prime number?
False
Suppose 12*t - 22966 - 108674 = 0. Suppose -5*f + 4*b = -6*f - 2214, -5*f + 5*b - t = 0. Let v = 1257 - f. Is v a prime number?
False
Suppose 16*n - 1184747 = 884613. Is n a composite number?
True
Let h(u) = -23*u + 80. Suppose 0 = -4*j + 2*j + 4*z - 42, -87 = 3*j + 2*z. Is h(j) a prime number?
True
Let a = 150296 + 113733. Is a prime?
True
Let y(x) = 169*x**3 + 26*x**2 - 88*x - 2. Is y(9) a prime number?
True
Suppose 6 + 2 = 4*h. Is h/(-4) + ((-4487)/(-14) - 3) a prime number?
True
Suppose 5*i + 4*x = 113627, -2*x + 68175 = 147*i - 144*i. Is i composite?
True
Suppose -8*n = -5*n - 72. Let c be 1/((-5)/(-20) + 2/n). Suppose 3*z - 2*z + 1 = 0, c*k = -z + 716. Is k a prime number?
True
Let h = 33 - 38. Let k(z) be the second derivative of 2*z**4/3 - z**3/2 - 12*z**2 - 45*z. Is k(h) a prime number?
True
Let x = 7966 - 5688. Suppose -3*g + 26104 = 5*m, -5*m + 23814 + x = -g. Is m prime?
False
Suppose 3684 + 2581 = 7*i. Suppose i + 2456 = 3*p. Is p a composite number?
False
Let s(a) be the first derivative of 13 - 5*a + 1445/2*a**2. Is s(2) a composite number?
True
Suppose -10411235 = -156*f + 15817513. Is f prime?
False
Let z be (-2)/8 - (-97123)/124. Suppose 0 = 5*u - 5 - 5. Let x = z - u. Is x composite?
True
Suppose -r = 4*u - 2, 2*r + 0*r - u = 4. Is r/(-4) + (-62190)/(-4) a prime number?
False
Suppose 0 = -22*s + 135548 - 371432. Let n = s + 20593. Is n composite?
False
Suppose 0 = 45*o - 43*o - 16. Suppose 2399 = 5*b + 2*z, -6*b - 2*z = -o*b + 954. Is b composite?
False
Let k(u) = 3*u**3 + u**2 + u + 1. Let l be k(-1). Let s be (3/(-3) - -1)/l. Suppose 4*h - 328 = -s*p - 4*p, 4*p = 2*h - 170. Is h a prime number?
True
Suppose 9*a - 8*a - 2*x - 3 = 0, -2*a + 6 = x. Is a*(-712)/12*(-137)/2 composite?
True
Suppose 5*a = 3*o + 154915, 3*a + 3*o - 92968 = o. Suppose 30982 = 5*z + 3*p, 2*p - p = 5*z - a. Is z a composite number?
False
Suppose -86*y + 1356789 + 301033 = 0. Is y composite?
True
Suppose 37*j - 39*j + 10 = 0. Suppose -2*n + 700 = 3*n + j*u, 2*u = 4*n - 566. Suppose 0 = 3*r - 0*r - n. Is r a composite number?
False
Let t be ((-9)/6)/((-3)/8). Suppose -5*w + 5*b - t*b = -10, -4*w + 8 = 2*b. Is 3418/w + 1/((-3)/(-6)) a prime number?
False
Let n be ((-62)/4)/((-6)/(-36)). Let h = n + 93. Suppose 2*x + h*x = 1022. Is x prime?
False
Suppose 990 = -159*j + 164*j. Let r = 487 - j. Is r prime?
False
Let s(m) = -6*m**3 + 5*m**2 + 9*m - 10. Let u be s(-5). Let k = 366 + u. Is k a composite number?
True
Suppose 12*a - 2 = -2. Suppose a = 4*k - 2*f + 6, -3*k + 4*f + f + 6 = 0. Is (-17808)/72*k/2 composite?
True
Suppose 0 = 11*g + 13*g + 12*g - 13186548. Is g a prime number?
True
Suppose -z - 4*o - 207 = 0, -7*z + 2*o - 424 = -5*z. Let x = 329 - 689. Let p = z - x. Is p a prime number?
True
Let q be 399/(-35) - (-1)/(-5)*-2. Let d be 0/(q/((-44)/8)). Suppose d + 4 = 4*b, -4*p + b = -11803. Is p a composite number?
True
Let f = 76779 + -46048. Is f prime?
False
Is (0 - (-2)/6) + 7752540/45 prime?
True
Suppose 2*j + f + 0*f = 53811, 0 = -5*j + 2*f + 134532. Suppose -5*m = n - j, 4*m - 21525 = 8*n - 9*n. Is m a prime number?
True
Let l(o) = 9*o**2 - o + 110. Let x be l(-10). Let j(b) = 178*b - 3. Let r be j(-4). Let v = x + r. Is v prime?
False
Let x be (2/6 - 5/6)*0. Suppose 6*c + 3*c - 1917 = x. Suppose c = 7*q - 6*q. Is q a prime number?
False
Suppose 109*t = 112*t - 6. Suppose 4*z - 4*d - 104 = 200, t*z = d + 147. Is z a composite number?
False
Let u = 269737 + -142824. Is u composite?
False
Let g be 3/((-4)/(-6) - (-4)/(-12)). Suppose 0 = g*s - 109610 - 158491. Is s a prime number?
True
Suppose -7034 = -49*u + 7470. Let q be (291/6)/(1/6). Let w = u + q. Is w a prime number?
True
Let y(t) = 41*t + 14. Suppose -14 = -3*v + 10. Let d be y(v). Suppose -4*j = 2*j - d. Is j a composite number?
True
Let t = -16 + 10. Let f(x) be the first derivative of 25*x**3/3 + 5*x**2/2 - x + 797. Is f(t) prime?
False
Let h(l) = -8*l**2 - 23*l - 146. Let i be h(-5). Let t = 1318 + i. Is t a prime number?
True
Suppose o - 2*o + 2554 = -4077. Is o a composite number?
True
Suppose -8*u + 21 = -11. Let n(x) = -u - 6 + 52*x + 17*x**2 - 63*x + 41*x. Is n(-6) composite?
True
Let h(b) = 626*b**2 + 39*b - 25. Let y be h(9). Suppose 15*w - 19*w + p + y = 0, -2*p = -2*w + 25522. Is w prime?
True
Suppose b + 1472612 = 5*p, -5*p - 822*b + 820*b = -1472621. Is p a composite number?
False
Is 26617 + 8*10/8 prime?
True
Let x(t) = 23*t + 84 + 10*t**2 - 79 - 2*t**2 + 44*t**2. Is x(-12) prime?
False
Let o be